f(b) = -b**2 - 3*b + 5. Suppose -23*d = -20*d + 78. Let o = -30 - d. Calculate f(o).
1
Let c(l) = -2*l**2 + 0 + 1 + l**2 - l. Suppose 3*w = 2*w + 9. Let x = 9 - w. Give c(x).
1
Let h(l) = -l**3 - 2*l**2 + 4*l + 3. Suppose p = -3*p + 8. Let t be p/(-7) - 24/14. Calculate h(t).
-5
Let h(l) = -l - 4. Suppose 68*z - 1176 = 76*z. Let g = z - -150. Give h(g).
-7
Let m = 14 + -9. Let q = -2 + m. Let o(b) = -b**3 - 4*b**2 + 16*b + 4. Let h(i) = i**3 + 3*i**2 - 14*i - 3. Let k(r) = -7*h(r) - 6*o(r). Calculate k(q).
3
Let t = 5 - -1. Suppose -5*i = -t*i + 3. Let w(n) be the second derivative of n**4/12 - 2*n**3/3 + n**2 + 3*n + 4. Calculate w(i).
-1
Let k(z) = -z - 32. Let f(j) = -14*j - 98. Let n(o) = f(o) - 3*k(o). Suppose -5*y - 15 = 5*s - 10*s, 0 = y + 5. Calculate n(s).
20
Suppose -3 = g - 0. Let x(w) = 3*w - 9. Let z be x(4). Let n(m) = 2*m - 8*m - z - m**2 + 3*m. Give n(g).
-3
Suppose -20*l - 17*l + 333 = 0. Let g(a) = a**2 - 9*a + 1. What is g(l)?
1
Suppose 12 - 19 = -z. Let l(b) = 8*b**2 - 6*b + 5*b**3 + b**2 - 2*b**2 - 6*b**3 + z. Suppose 0 = 4*u + 4*i - 16, 2*i + 7 = 5*u - 27. Calculate l(u).
7
Let h(s) = 3*s + 3. Let l be h(1). Let f(u) = -3*u**2 + 11*u - 4. Let t(d) = d**2 - 2*d - 1. Let j(m) = -f(m) - 2*t(m). Give j(l).
0
Let j = 1 + 6. Let v = j - 10. Let l(d) be the first derivative of d**3/3 + 3*d**2/2 - 2*d + 6. What is l(v)?
-2
Let c(t) = -t - 1. Let s(k) = 7*k - 12. Let r be s(2). Suppose -12 = r*v - 8*v. Calculate c(v).
-3
Let x(h) = 24*h**2 + 8*h - 38. Let a(v) = 11*v**2 + 4*v - 18. Let w(u) = 13*a(u) - 6*x(u). Calculate w(6).
-18
Suppose 2*m = -m, -p = 2*m - 86. Let z = -85 + p. Let a(h) = 34*h**3 - 2*h**2 + h. What is a(z)?
33
Let d(p) = -p**2 - p + 1. Let h(z) = 8*z + 49. Let k be h(-6). Calculate d(k).
-1
Let s(d) = -2*d**2 - 21*d + 40. Let b be s(2). Let f(v) = 2*v**2 + 19*v - 11. Give f(b).
-1
Suppose 5*j + 8 = -2*n, 0 = -2*j - 10*n + 5*n + 1. Let k(u) = -u**3 - 3*u**2 - 4*u + 4. Calculate k(j).
8
Let z(u) be the third derivative of u**8/20160 - u**7/840 - u**5/4 + 3*u**2 + 2*u. Let k(t) be the third derivative of z(t). Calculate k(5).
-5
Let u(n) = -26*n**2 - 9*n - 6 + 27*n**2 - 6 + 3 - 2. Give u(8).
-19
Let t be (13/(-26))/(1/(-2) + 0). Let v(j) = 2*j**2 - 4*j - 4. Let y(s) = s + 1. Let a(n) = v(n) + 4*y(n). Let q be a(t). Let o(m) = m**2 - 3*m + 3. Give o(q).
1
Let k(m) be the second derivative of 0*m**4 - 2/45*m**6 + 0 - 6*m + 0*m**2 + 2/3*m**3 + 0*m**5. Let l(j) be the second derivative of k(j). Give l(-1).
-16
Let k = 2202 - 2198. Let y(c) = c**3 - 3*c**2 + 5. Calculate y(k).
21
Let l(g) = -7*g - 15*g**2 - 31 - g**3 + g + 5*g + 12. Let p be l(-15). Let r(i) = i - 1. Let w(t) = t**2 + 7*t - 7. Let v(u) = 3*r(u) - w(u). Calculate v(p).
4
Suppose -462 = 5*h + 6*h. Let v = -40 - h. Let a(w) = w**3 - 3*w**2 + 2*w. Calculate a(v).
0
Let u(v) = -9*v - 3. Let i(p) = -11*p - 4. Let t(b) = -5*i(b) + 6*u(b). Give t(0).
2
Suppose 8*r - 91 = 53. Let i(z) = -40*z - 3 + r*z + 21*z. Give i(-3).
0
Let x(p) be the second derivative of -p**3/6 + 15*p**2/2 - 228*p. What is x(18)?
-3
Let h(w) be the second derivative of 7*w**4/12 - w**2/2 - 6*w. Let t be (-4)/4*8/(-2). Suppose 0*s = 4*s + t. Determine h(s).
6
Let o(c) be the second derivative of c**2 - 6*c + 0 - 1/6*c**3. What is o(5)?
-3
Let z(l) = 8*l - 15. Let i(o) = -2*o + 2. Let u(g) = -5*i(g) - z(g). Determine u(-4).
-3
Let w(y) = -4*y**3 + 11*y**2 + 12*y + 7. Let h(b) = -b**3 + b**2 + 2*b + 1. Let c(i) = -5*h(i) + w(i). What is c(-3)?
23
Let r be -1*(3 - (4 + -1)). Suppose r = -2*d + 8*d. Let o(z) be the first derivative of -z**3/3 + z**2/2 + 7*z - 4. Calculate o(d).
7
Suppose -4*y - 13 - 9 = 2*d, -15 = 2*y - 3*d. Let x(t) = -t**2 - 3*t - 2*t + 0*t - t. What is x(y)?
0
Suppose 1 + 11 = -3*t. Let h(o) = 3*o - 4. Let l(d) = -7*d + 9. Let a be 15/12*(-1)/1*4. Let w(p) = a*h(p) - 2*l(p). What is w(t)?
6
Let z(y) = 6*y**2 - 20*y + 98. Let p(m) = m**2 - 4*m + 19. Let i(r) = -11*p(r) + 2*z(r). Give i(-5).
-8
Let r(f) be the first derivative of f**4/4 - f**3 + 3*f**2 - f - 162. What is r(4)?
39
Let y = -113 - -113. Let k(w) be the third derivative of w**6/720 + w**5/24 - w**4/24 - w**2. Let l(f) be the second derivative of k(f). What is l(y)?
5
Let n be (-65)/(-25) + 2/5 + 0. Let j(d) be the second derivative of d**5/20 - d**4/3 + 5*d**3/6 - 2*d**2 + 47*d. Give j(n).
2
Suppose -8*l + 6*l = 14. Let i(a) be the second derivative of -a**4/12 - 11*a**3/6 - 5*a**2 + 54*a - 2. Determine i(l).
18
Let c(z) = 2*z + 6. Let q(f) = f - 3. Let v(w) = -c(w) - 2*q(w). What is v(-3)?
12
Let o = -76 - -78. Let k = -4 + 6. Let q(x) = 1 + k - 3 - 7*x**o. Determine q(-1).
-7
Let f(a) be the third derivative of -a**6/30 - a**4/24 + 7*a**2. Suppose -d = -0*d. Suppose d = 5*p - 5. Give f(p).
-5
Let p(j) be the third derivative of -1/60*j**5 - 2/3*j**3 + 1/3*j**4 - 6*j**2 + 0*j + 0. Give p(7).
3
Let c = -766 - -773. Let u(w) = w**3 - 8*w**2 + 5*w + 7. Give u(c).
-7
Let w be ((-33)/(-9) + -3)/((-2)/(-120)). Let f be -2*5/(w/(-12)). Let v(s) = s**3 - 2*s**2 + 2*s + 1. Calculate v(f).
16
Let z = -51 - -56. Let l(d) be the second derivative of -d**7/840 + d**6/72 + d**4/24 - d**3/6 - 2*d. Let n(u) be the second derivative of l(u). Calculate n(z).
1
Let y(i) = 10*i - 2. Let o be y(2). Suppose l = -3*m - 4 - 27, -2*m - 2*l - o = 0. Let w = m - -17. Let z(a) = a**2 - 8*a + 2. Give z(w).
-10
Let n be 9/(((-9)/24)/((-6)/(-24))). Let b(f) = 2*f**3 + 12*f**2 - 2*f + 4. Calculate b(n).
16
Let j = 21489 - 21492. Suppose 7 = 3*f - 5. Let h(t) = -t**2 - 7 - f*t + 2 + 2. What is h(j)?
0
Let t(p) = 7*p + 19. Let m be t(-3). Let f(c) = -6*c. What is f(m)?
12
Suppose -2*s + 13 - 5 = 0. Let n be (5/20)/(3/36). Let w(t) = n*t - 1 - 2*t - 3 + 0. Give w(s).
0
Suppose -l = 5*k + 5, k + 3*l + 15 = -k. Let w(q) = 11*q + 67. Let u be w(-6). Let p(s) = k + 0 + 0*s - 3*s - u. Determine p(5).
-16
Let d(p) = p**2 + 13*p - 62. Let v be d(-17). Let a(i) = 2*i**3 - 2*i**3 + 6*i**2 - i**3. Determine a(v).
0
Let s(k) = -4*k - 111 + 112 - k - 4*k. What is s(1)?
-8
Let n = -437 - -442. Let s = -3 + -4. Let o = s + n. Let z(r) = -r**3 - 2*r**2 - r. What is z(o)?
2
Suppose 8*r = 4*r + 8. Suppose -6*h = -4*h - 2*k - r, -3*k - 24 = 4*h. Let a(t) = -5*t - 16. Let d(v) = 3*v + 10. Let u(o) = 5*a(o) + 8*d(o). Determine u(h).
3
Suppose -2*i + 5*i = 5*d - 105, 21 = 2*d + 3*i. Let k be (-39)/(-9) + (-6)/d. Let j(v) = v**3 - 6 - 3*v**3 - k*v + v**3 - 5*v**2 + 0*v**3. Determine j(-4).
-6
Let x(j) = j**3 - 6*j**2 - j + 2. Suppose 2*w - 3 = -1. Let a(h) = -h**3 - 1. Let u(o) = w*x(o) + 2*a(o). Suppose 31*v = 27*v - 24. Give u(v).
6
Let j(g) be the first derivative of -3/2*g**2 - 1 - 2*g - 2/3*g**3. Calculate j(-1).
-1
Let x(f) = -f**2 - 9*f - 20. Let l be x(-3). Let t(s) = -s + 0*s - 3*s**2 + 0*s**2. Calculate t(l).
-10
Let l(u) be the second derivative of -9*u**5/20 - u**4/6 + u**3/3 + 3*u**2/2 - 123*u. Calculate l(-2).
63
Suppose -4*l - 2*p - 74 = 0, 3*l - p = -l - 83. Let o(f) = -f**2 - 21*f - 17. Let b be o(l). Let n(g) = -g**3 + 4*g**2 - 4*g + 4. What is n(b)?
1
Let j(z) = 2*z + z**2 - 5 + 2*z + 1. Suppose -12 = -11*g + 21. Suppose 0 = -3*i + 6, -4*m + i = g + 11. Calculate j(m).
-7
Let l(o) = o**3 + 6*o**2 + 5*o + 4. Let p be (2 - -38)/(-4)*1. Let g be (p/(-3))/(-5)*-6. Suppose g*v + 22 = 2. Calculate l(v).
4
Let u be 18*(-6)/18*5. Let x = u + 24. Let b(k) = -2*k - 9. Calculate b(x).
3
Let j(v) = 205*v**2 - 401*v**2 - 10*v + 195*v**2 + 14. Determine j(-12).
-10
Suppose 0 = 3*l + 4*t + 5, -16 + 6 = -4*l + 3*t. Let g(j) = -2*j - 1. Let o be g(-2). Let x(z) = o - 5*z - 6 + 2*z + 2. Determine x(l).
-4
Let c = 6 - -2. Let z(a) be the third derivative of -a**4/24 + 11*a**3/6 - 135*a**2 - 1. Give z(c).
3
Suppose 2*k - 2 = 0, -10 + 0 = 2*f + 4*k. Let l(v) = -v**3 - 7*v**2 + 2. Determine l(f).
2
Let d(n) = -43*n**2. Suppose 0*p + 101 = -101*p. What is d(p)?
-43
Let b(x) = x - 4. Suppose -w + 8 - 6 = 0. Suppose 3*c - 21 = -7*f + w*f, -4*f + 4*c + 4 = 0. Calculate b(f).
-1
Let b(f) = -f**3 + 7*f**2 - 6*f + 11. Let j be b(6). Let t(u) = u**2 - 14*u + 7. What is t(j)?
-26
Let j(x) be the third derivative of 0 + 0*x - 1/60*x**5 + 1/12*x**4 + 0*x**3 + 4*x**2. Calculate j(3).
-3
Suppose -6*s + 8*s - 8 = 0. Let m(f) be the second derivative of f**4/12 - 2*f**3/3 + f**2 + 